ose 3*h = -6 + 3, 0 = -r - h + 197. Suppose -k + r = 4*v, -3*v + 79 + 63 = 4*k. What is the greatest common factor of 40 and v?
10
Let g be ((6 - 3)/3)/((-226)/(-26668)). Calculate the greatest common factor of 6962 and g.
118
Suppose 5*f + 2*m = 3, 5*f - m - 5 = 1. Suppose 5*g + i - 115 + f = 0, -3 = 3*i. Calculate the greatest common factor of g and 851.
23
Suppose 372 = o - 4*b, -3*b + 129 - 1617 = -4*o. What is the greatest common divisor of o and 78?
6
Suppose 35*h = 11*h + 66*h - 3822. Calculate the highest common factor of 689 and h.
13
Suppose 4*q = 0, m + 20 = -0*m + q. Let a = m - -22. Let t be (-8 + a)*-16 + 0. Calculate the greatest common divisor of 24 and t.
24
Let y be -3 - (243 - (1 + 3)). Let s = 249 + y. What is the greatest common divisor of s and 203?
7
Let i(u) = -u**3 - 5*u + 9*u**2 + 359 - 6*u + 17*u**2 - 403 - 7*u. Let l be i(10). What is the highest common factor of l and 43?
43
Let d(p) = -395*p - 1504. Let k be d(-4). What is the greatest common factor of 124 and k?
4
Let o be -5 - -10 - 0/2. Suppose 5 = n - 2*a - a, -o*n + a = -39. Let g = -85 + 173. What is the highest common divisor of g and n?
8
Suppose 5*g - 5 = 0, -4*a + 6*g = 4*g - 974. Calculate the highest common divisor of 36 and a.
4
Let j be (343/21)/((-186)/63 + 3). Suppose k + 67 = 2*k + 3*v, -3*v - j = -4*k. Calculate the highest common divisor of k and 41.
41
Suppose 475 = 6*q + 169. Suppose 138 = 3*y + q. Suppose 4*c + y = 3*z - 0*c, 4*z + 3*c = 72. What is the highest common factor of 10 and z?
5
Suppose 4*v + 2*w = 372, 204 = 2*v - 5*w + 3*w. Calculate the highest common divisor of 800 and v.
32
Suppose 3*u = -4*s + 472, -3*u + 2*s = -6*u + 470. Calculate the highest common divisor of 650 and u.
26
Suppose a + 41 = 3*b, -4*a + 2 = 2*b - 2. Suppose 13*f - 3 = b*f - i, 3*i = -12. Calculate the highest common divisor of 28 and f.
7
Let f be 30/(-195) - (-1 + 41/(-13)). Suppose -f*l = -266 - 646. Calculate the greatest common divisor of 12 and l.
12
Let s(l) = -231*l - 1067. Let o be s(-5). What is the highest common factor of 4950 and o?
22
Let h = 44 + 360. Suppose -h = -2*l + 364. Suppose 5*d = -3*d + l. What is the greatest common factor of d and 16?
16
Let a be 3/11 + 159096/231. Calculate the greatest common factor of 1391 and a.
13
Let p = -818 + 4581. Calculate the greatest common factor of 213 and p.
71
Let x(i) = i**3 - 2*i**2 + 5*i - 6. Let w be x(4). Suppose -225 = 3*h - 6*h. Let o = h - 29. What is the greatest common factor of o and w?
46
Suppose 9*a - 24 = 4*a + 4*b, -2*b - 8 = -2*a. Calculate the highest common divisor of 8 and a.
8
Let y(f) = 42*f + 3522. Let w be y(-82). What is the highest common divisor of 806 and w?
26
Let i(m) = -56*m + 364. Let s be i(6). Let j be (-908)/(-13) + 18/117. Suppose 3*n + 2*n = j. Calculate the greatest common divisor of s and n.
14
Let l = -15 - -102. Let t(s) = -2*s + 285. Let o be t(66). Let a = o + l. Calculate the highest common divisor of a and 30.
30
Suppose 0 = 5*u - 68 + 8. Let f(t) = -2*t**3 - 2*t**2 - 2*t + 4. Let h be f(-3). Let q = h - u. What is the greatest common divisor of q and 51?
17
Suppose 5*q + 8*q = -4*q + 1088. Let h(b) = -36*b + 4. Let d be h(-3). What is the highest common divisor of d and q?
16
Let l(v) = 339*v - 1086. Let a be l(5). Calculate the highest common divisor of a and 189.
21
Suppose 2*j - 1275 = d, 3*d - 634 = -j - 0*d. Suppose -j + 613 = -3*n. Calculate the highest common divisor of 48 and n.
8
Suppose 691*k = 734*k - 288960. Calculate the greatest common divisor of k and 168.
168
Suppose 35 = 4*y - 17. Let h(k) = k - 3. Let f be h(y). Suppose -u - m = 4*u - 102, -5*u + 92 = -4*m. Calculate the greatest common factor of u and f.
10
Let q(s) = -s**2 - 15*s + 2. Let l be q(-15). Suppose l*w = -17 - 83. Let t = 65 + w. What is the greatest common divisor of t and 10?
5
Let i be -1 + 4 - 5*10/(-50). Calculate the greatest common divisor of 356 and i.
4
Let t(q) = 11*q + 1. Suppose 0 = -14*f + 18*f + 4. Let l be t(f). Let b be (4/l)/(1/(-40)). Calculate the highest common factor of 128 and b.
16
Suppose l - 46 = -l. Suppose k + 274 - 270 = 0. Let h be 1*((-268)/k - 2 - -4). What is the greatest common factor of h and l?
23
Suppose 58 - 10 = -12*a. Let m be 5 + 40/(-16) + (-10)/a. Calculate the highest common factor of m and 210.
5
Suppose 0 = -2*r - 29*r - 24*r + 28435. What is the greatest common divisor of 423 and r?
47
Let r = 229 + -227. Let m be (-8 - (1 - -13))*(-3)/r. What is the highest common divisor of 341 and m?
11
Let f = 13926 + -13811. What is the highest common divisor of f and 897?
23
Let d = -217 + 229. Suppose d*x - 2352 = 8*x. Calculate the greatest common factor of 24 and x.
12
Suppose -15*r + 17274 = -3923 - 5623. What is the highest common factor of 12 and r?
12
Suppose 0 = o + q - 23, 7*o - 12*o + 5*q + 85 = 0. Calculate the greatest common divisor of o and 17500.
20
Let v be (-1 - (76 - -1)) + 0. Let t = 4106 + -4106. Let p be t - (3/1 + v). Calculate the highest common divisor of 15 and p.
15
Suppose -4*l - z + 19 = 0, z + 0*z = -1. Suppose -5*v = 2*k - 163, 159 = l*v - 5*k + 6*k. Calculate the highest common divisor of 341 and v.
31
Let u = -233 - -68. Let n = u - -54. Let w = -72 - n. What is the greatest common factor of w and 117?
39
Let h = 6721 - 5321. Calculate the highest common divisor of 2600 and h.
200
Let l be 360/(-75)*-115 - 4*-2. Calculate the greatest common divisor of 2450 and l.
70
Let q be (47 - 18/3) + -6. Let p be 1*(-4)/((-20)/q). Calculate the highest common divisor of 91 and p.
7
Let l(y) = y**3 + 13*y**2 - 29*y + 41. Let b be -3 + (-2 + 1)/(2/24). Let t be l(b). Calculate the greatest common factor of t and 52.
26
Suppose 0 = 3*c + 12, -4*h + 3*c + 10 = -66. Suppose 0 = 4*i - 12*i + 240. Let d be 119/5 - (-6)/i. Calculate the greatest common divisor of d and h.
8
Let b = 11807 + -4085. What is the highest common factor of 54 and b?
54
Let z(y) = 5*y**2 - 2*y + 1. Let v be z(5). Suppose -4*j + 51*a = 54*a - 101, -26*j + 2*a + 764 = 0. Calculate the highest common factor of j and v.
29
Let u = -34922 - -34992. Let w(c) = c - 4. Let v be w(4). Suppose v = 4*s - 90 - 22. What is the greatest common factor of s and u?
14
Suppose i = 5, -3*z + 6 = 4*i - 20. Suppose 0 = 4*n - z*q, -q - 4*q = -4*n. Suppose -2*v = -n*v - 104. What is the highest common factor of 13 and v?
13
Let r(h) = -h**3 + h**2 + h - 114. Let y be r(0). Let p = y + 114. Suppose p = 5*w - 4*w - 18. What is the greatest common divisor of 18 and w?
18
Let p be (14/(-18))/(111/(-999)). Calculate the greatest common factor of 1078 and p.
7
Suppose 107 - 324 = -y + v, 889 = 4*y + 3*v. What is the greatest common factor of 55 and y?
55
Let y = 3538 - 3530. What is the greatest common factor of y and 548?
4
Let o be (((-100)/(-320))/((-5)/(-12)))/((-6)/(-88)). Calculate the highest common divisor of o and 44561.
11
Let r = 14400 + -14315. Calculate the highest common factor of 2091 and r.
17
Let n(z) = z**2 + 36*z - 335. Let r be n(-45). Calculate the highest common factor of r and 378.
14
Suppose -5*x + 4*x = 3*g + 569, x = 2*g + 376. Let r = g - -223. Let t(y) = 5*y**2 - 2*y - 3. Let i be t(-4). What is the greatest common factor of i and r?
17
Let g be (-261)/1131 + (1 - (-3012)/39). Calculate the highest common divisor of 2658 and g.
6
Let s = -31 - -56. Let d = -22 + s. Suppose d*t - 44 = 16. What is the highest common factor of t and 50?
10
Let w be 6*(-18 + 33355/10). What is the greatest common divisor of 30 and w?
15
Suppose -k - 6 = -37*p + 35*p, -12*p - 5*k + 14 = 0. Let x = 4 + -2. Let y(v) = v**3 + 2. Let s be y(x). What is the highest common factor of s and p?
2
Let x = -2560 - -2600. What is the highest common factor of x and 215?
5
Suppose 0 = -h - 8, 3*f - 35*h + 30*h = 769. What is the greatest common factor of 603 and f?
9
Let s = 3933 + -3103. What is the highest common factor of s and 10?
10
Let s(x) = -x**3 + 95*x**2 - 445*x - 425. Let a be s(90). Suppose 0 = -2*v - 2*v + 16, 3*v = -3*k + 1362. Calculate the greatest common divisor of k and a.
25
Let h = 85 - 25. Suppose 77 = 3*v - 2*q, h*v = 63*v + q - 83. Suppose -3*t - 2*t = -3*g + 81, -t + 81 = 3*g. What is the greatest common factor of v and g?
27
Suppose -10*a + 3*s = -169, -2*a - 